 5*j - j + h - 2*j**2 + 14*j**2. Give r(k).
-3
Let o = 4776 + -4782. Let p(y) = -y - 31. Calculate p(o).
-25
Let u(n) = n**3 + 5*n**2 + 6*n + 3. Let i = 75 + 66. Suppose 0 = -146*o + i*o - 20. Calculate u(o).
-5
Let l be ((-22)/99)/(15/(-20) + (-69)/(-108)). Let w(f) be the first derivative of -f + 8 - 5/2*f**l. What is w(1)?
-6
Let i(b) be the third derivative of -b**5/30 - b**4/8 + b**3/3 - b**2. Suppose -575*p + 89*p - 99*p + 1755 = 0. Give i(p).
-25
Let c be -4*(-84)/64*(-352)/(-308). Let l(v) = -5*v + v**3 + 0 - 8*v**2 + 3*v**2 - 7. Calculate l(c).
-1
Let n(w) = 781*w**2 + 29*w - 261*w**2 + 56 - 263*w**2 - 258*w**2. Calculate n(31).
-6
Let j(q) be the first derivative of q**3/3 - 5*q**2 - 8*q + 36. Suppose -10*i + 0*i + 110 = 0. Calculate j(i).
3
Let g(y) = y**3 + 15*y**2 + y + 17. Let z be g(-15). Let x(h) = -8*h + 8 - 32*h**2 + z + 33*h**2. Let l be (3 - (7 + -3))*(-2 + -5). Determine x(l).
3
Let c(q) be the second derivative of 1/6*q**3 + 4*q**2 + 58*q + 0. Give c(-5).
3
Suppose 11*j - 1232 = 44. Let s = -70 + j. Let l(k) = 21 - k + 20 + 4*k**2 + k**3 - s + 10. Calculate l(-4).
9
Let s(y) = 743*y - 2221*y + 744*y + 85 + 738*y. Calculate s(-21).
1
Let z(r) be the second derivative of -r**5/20 - r**4/3 + 7*r**3/6 - r**2 + 3285*r - 1. Suppose -2*f = 3*t - 3 + 4, -11 = 4*f + 3*t. What is z(f)?
-12
Let i(y) be the first derivative of -1/2*y**2 + 21 - 8*y. Suppose 42 - 6 = -6*p. Determine i(p).
-2
Let j(t) = -t**3 + 8*t**2 - 4*t + 11. Suppose 280 = 143*x - 306 - 558. What is j(x)?
-21
Let z(g) = -30*g + 27. Let o = -1027 + 1028. Determine z(o).
-3
Let o(y) = 2*y**3 + 3*y**2 - 3*y + 11. Let k(n) = -n**3 + 30*n**2 - 50*n - 165. Let q be k(28). Give o(q).
83
Let s(j) = j**3 + 4*j**2 + 3*j + 6. Let i(d) = -d**3 + 14*d**2 + 24*d - 16. Let m be i(16). Let n = m - -140. What is s(n)?
-6
Let l(p) = p**2 - 8*p - 18. Let c be l(9). Let n = 12 + c. Let k(m) = 9*m**3 + 17*m**n - 25*m**3 - 4*m**2 + 1. What is k(4)?
1
Let s be 2008/24 - 15/9. Let x(o) = -141 + 67 + s + o. Determine x(-8).
0
Let a(l) be the first derivative of -7*l**2/2 + 52*l - 727. Calculate a(9).
-11
Let v(n) = -n**3 - 5*n**2 - 4*n - 9. Let g be (-56)/70*45/9. What is v(g)?
-9
Let b(z) = 5*z**2 - 14*z + 3. Let c(n) = 3*n**2 - 14*n + 6. Let a(p) = -2*b(p) + 3*c(p). Determine a(-14).
12
Let a(p) be the third derivative of p**5/60 + p**4/4 - p**3/3 - 33*p**2. Let j(x) = -x**3 - 2*x**2 + 5*x - 17. Let h be j(-4). Give a(h).
-7
Let a(g) = 3*g**3 + g**2 + g + 8. Let t(z) = -z**3. Let p(o) = -a(o) - 4*t(o). Let n = -730907 - -730907. Determine p(n).
-8
Let n = -83 + -12. Let f = n - -97. Let t(w) = -4*w - 2 + 46*w**2 - f*w**3 - 40*w**2 + 5*w + w**3. Give t(6).
4
Let c(l) = l + 73. Suppose -615*q + 610*q = 4*b + 83, 0 = 5*b - q + 53. Calculate c(b).
61
Let d(m) be the second derivative of -m**6/45 + m**5/120 + m**4/4 + 15*m + 4. Let v(f) be the third derivative of d(f). Calculate v(-1).
17
Let h(s) = 4*s**3 - 70*s**2 + 27*s + 126. Let t be h(17). Let g(j) = 4*j + 5. Calculate g(t).
33
Let y(g) = 4*g - 73. Let z be (-6762)/(-336) - 4/32. Calculate y(z).
7
Suppose 626980*o = 626928*o + 416. Let z(t) = -8*t - t**3 + 5*t**2 + 0*t**3 + 4*t**2. Calculate z(o).
0
Let y(b) be the third derivative of -b**4/24 + 13*b**3/6 + 7508*b**2. Give y(0).
13
Let l(v) = 4021 + 6*v - 7975 + 3979. Calculate l(-7).
-17
Let v(f) = -4*f**3 + f**2 - 2*f + 1. Let k(p) = -40*p + 2*p**2 + 10 + 10 - 61. Let o be k(21). Give v(o).
-4
Let q(x) = 22*x + 397 - 272 - 285. What is q(7)?
-6
Let p(q) = 297*q - 18. Let o(y) = -119*y + 10. Let r(z) = -5*o(z) - 2*p(z). What is r(11)?
-3
Let z(l) = -9*l**2 - l + 13. Let g(v) be the second derivative of 0 + v + 1/6*v**3 - 3*v**2 + 1/3*v**4. Let o(w) = -5*g(w) - 2*z(w). What is o(-3)?
-5
Let l(j) = j + 14. Let p be l(14). Suppose -3*v - v - 2*h + p = 0, -2 = v - 4*h. Let i(f) = -2*f + 7. Determine i(v).
-5
Let l(f) = -10*f**3 - 9*f**2 + f + 7. Let y(m) = -2*m**3 - 2*m**2 + m + 1. Let a(z) = l(z) - 3*y(z). Determine a(-2).
28
Suppose -5*g - 3*w = -g - 16, -2*g = 5*w - 8. Let j be (g/(-4))/((-1)/(-1)). Let m(t) be the first derivative of -3*t**3 - t**2/2 - t + 4. Determine m(j).
-9
Let p(l) = l**3 - l**2 + l + 1. Let s(y) = y**3 - 12*y**2 - 5*y. Let q be s(0). Calculate p(q).
1
Let v(w) = 13*w + 47*w + 52*w + 11*w**2 + 3 - 113*w. Calculate v(1).
13
Let u(j) = 13*j - 35. Let z = 238 + -235. Determine u(z).
4
Let f(r) = -r**3 - 3*r**2 + 15*r - 4. Suppose 85*w + 335 = 118 - 208. What is f(w)?
-29
Let k(p) = -4*p**2 - 58*p + 6. Let z(g) = -g**2 - 17*g + 2. Let s(o) = 2*k(o) - 7*z(o). Let l be 3/5 + (-16)/(-40). Suppose 9 = 2*x + l. Determine s(x).
-6
Let a(t) = -t**2 + 14*t - 33. Suppose 18642 = -2*b + 18658. What is a(b)?
15
Suppose -6 = -65*u + 63*u. Let n(g) = g**2 + 2*g - 3. Let r be n(-5). Let i(k) = -26*k**2 + 15*k**2 + 4 - u*k + r*k**2. Determine i(4).
8
Let t(z) be the second derivative of z**5/20 + 5*z**4/2 + 5*z**3 + 11*z**2 - 2*z - 259. Calculate t(-29).
-7
Let y(w) = -w**3 + w. Suppose 930*z = -3*h + 926*z - 27, -5*h + z = 22. Determine y(h).
120
Let n(s) be the first derivative of 2*s**3/3 - s**2/2 + 2*s - 2. Let k(i) be the first derivative of n(i). Suppose -7*b - 38224 + 38231 = 0. Determine k(b).
3
Let s(z) = 20*z + 196. Let h = 507 + -517. Determine s(h).
-4
Let g(i) = 13*i - 61 + 8*i**2 - 57*i - 53 - 22*i + 97. Calculate g(8).
-33
Let n(g) = 10*g - 5. Let r(u) = -11*u + 7. Let w = 51 - 49. Let d(b) = w*r(b) + 3*n(b). Suppose 0 = 2*z + 6 - 8. What is d(z)?
7
Let p be 18/((4/(-10))/(6/(-30))). Suppose 11*a - p*a = -4. Let v(b) be the second derivative of b**4/6 + b**3/6 - b**2 - 3*b. Calculate v(a).
4
Let g(h) be the third derivative of -h**5/60 - 11*h**4/24 + 3*h**3/2 - 1415*h**2. Determine g(-14).
-33
Let t be 2/3*45/2. Let n = t - 12. Let u(z) = 14*z + 56 - 53 - 11*z - z**2. Give u(n).
3
Let v be (-2)/(-6) + 32/12. Let c = 361 - 348. Let y(w) = -4*w**2 + w - 7*w**2 + c*w**2 + 0*w**2 - w**3. Give y(v).
-6
Let t(v) be the first derivative of -v**2 - 18*v + 5788. Let z = -28 + 16. Give t(z).
6
Let b(f) be the third derivative of f**5/60 + f**4/12 + 49471*f**2. Suppose 6 + 5 = -3*z + 5*a, 3*a = -3*z - 3. Calculate b(z).
0
Suppose 8 = -y - 4*s, 0*s = -y + 2*s + 22. Suppose -2*p = 3*n - 20, y + 8 = 4*p - 4*n. Let v(m) = -16 + 17 + p*m - 8*m. Determine v(-1).
2
Suppose 10*x = -816 + 1116. Let f(y) = -20*y + 589. What is f(x)?
-11
Let u be 60 - 3*1*22/(-33). Suppose -56*c = -u*c - 24. Let m(n) = n**3 + 6*n**2 + 9*n. What is m(c)?
-4
Let r(j) = 5*j + 6. Suppose -49 = k + k - m, k + 11 = -4*m. Let h = -64 - -82. Let t = k + h. Calculate r(t).
-19
Let q be (-4 - 0) + 2 - -5. Let w be (2/q + 3/9)/(-1). Let a(y) = 13*y**3 - y**2 - 2*y - 1. Give a(w).
-13
Let h be 8 + 0 + 17/(119/(-14)). Let n(b) = 7*b - h + 16*b**2 + b**3 - 7*b**2 - 2*b. Give n(-8).
18
Let f(x) = -4*x**2 - x - 1. Let o be (-7)/(-3) + (-18)/(-27). Let b(k) = -18*k - 1 + o*k**2 - 2*k**2 + 13*k. Let r be b(5). Give f(r).
-4
Let j(y) = y**2 - 6*y + 3. Let s(g) = -g - 15. Let r be s(-16). Let z be (r + (-5)/5)/1. Suppose z = 9*u - 10*u + 2. Give j(u).
-5
Let p(l) = l**2 - 5*l - 1. Let r(k) = -k**3 + 6*k**2 + 8*k - 8. Let j be r(7). Let o(i) = -i + 2. Let z(a) = j*o(a) - p(a). Calculate z(6).
-1
Suppose 15*j + 54 + 21 = 0. Let r = j + 9. Let q(l) = -6*l. What is q(r)?
-24
Let f(z) be the second derivative of -z**4/12 - 2*z**3/3 - 2*z**2 - z. Let s = -402 - -407. Suppose 0 = -7*l + 2*l + 5*m, s*l + 4*m + 36 = 0. Give f(l).
-4
Let n be 492/44 - 10/55. Let u(z) be the first derivative of -z**4/4 + 11*z**3/3 + z**2/2 - 6*z + 142. Calculate u(n).
5
Suppose -4*y - 8 = 16. Let z(w) be the first derivative of 96*w + 2*w**2 - 188*w - w**2 + 91*w + 57. Calculate z(y).
-13
Let k be (7 - 9) + 10*1/2. Let c(d) = 2*d - k - 8 + 23 - 8. Calculate c(5).
14
Let a(j) be the third derivative of -j**5/60 - j**4/4 + 3*j**3/2 + 2*j**2 - j - 72515. Suppose -o - 1 - 6 = 0. What is a(o)?
2
Let v(g) be the first derivative of -8*g**2 + 345*g - 13097. Give v(21).
9
Let j(x) = x**3 - 21*x**2 - 19*x - 34. Let q be j(22). Suppose -14*k = -q - 38. Let u(z) = z - 4. What is u(k)?
1
Let r(k) = -6*k + 2. Let h(l) = 10*l**2 - 17*l + 3. Let j(p) = h(p) + 2*r(p). Calculate j(3).
10
Let r(b) = b**3 + 8*b**2 - 2*b - 14. Let y be ((-8)/(-10))/(276/40 - 7). Calcul